 of 1766205?
1
What is the millions digit of 3975496?
3
What is the tens digit of 1808308?
0
What is the tens digit of 11037870?
7
What is the units digit of 11270558?
8
What is the hundreds digit of 91193?
1
What is the hundreds digit of 733343?
3
What is the millions digit of 1333109?
1
What is the thousands digit of 5552797?
2
What is the thousands digit of 1133466?
3
What is the hundred thousands digit of 3548908?
5
What is the units digit of 16850318?
8
What is the thousands digit of 215251?
5
What is the ten thousands digit of 21297189?
9
What is the hundreds digit of 26203?
2
What is the hundreds digit of 404155?
1
What is the thousands digit of 7495628?
5
What is the ten thousands digit of 34836?
3
What is the thousands digit of 2923487?
3
What is the tens digit of 2610426?
2
What is the tens digit of 10253510?
1
What is the tens digit of 3164611?
1
What is the hundred thousands digit of 160891?
1
What is the tens digit of 612231?
3
What is the ten thousands digit of 17573?
1
What is the millions digit of 1229522?
1
What is the millions digit of 23208836?
3
What is the thousands digit of 4136805?
6
What is the units digit of 971359?
9
What is the hundred thousands digit of 3682939?
6
What is the thousands digit of 14753946?
3
What is the units digit of 3839827?
7
What is the millions digit of 7007369?
7
What is the hundred thousands digit of 5717542?
7
What is the ten millions digit of 29570338?
2
What is the tens digit of 770901?
0
What is the thousands digit of 354392?
4
What is the units digit of 181915?
5
What is the units digit of 2147752?
2
What is the ten thousands digit of 575663?
7
What is the tens digit of 13612826?
2
What is the units digit of 9582302?
2
What is the tens digit of 308911?
1
What is the hundreds digit of 25631380?
3
What is the units digit of 2524394?
4
What is the hundreds digit of 363752?
7
What is the ten thousands digit of 1703084?
0
What is the thousands digit of 13916?
3
What is the hundred thousands digit of 546260?
5
What is the units digit of 197300?
0
What is the tens digit of 309542?
4
What is the ten thousands digit of 2314897?
1
What is the units digit of 10370447?
7
What is the hundred thousands digit of 6237586?
2
What is the hundred thousands digit of 3155358?
1
What is the ten thousands digit of 371431?
7
What is the thousands digit of 716029?
6
What is the tens digit of 14239834?
3
What is the tens digit of 123098?
9
What is the units digit of 502535?
5
What is the units digit of 23913597?
7
What is the units digit of 602696?
6
What is the tens digit of 23148979?
7
What is the hundreds digit of 4003498?
4
What is the hundred thousands digit of 278295?
2
What is the thousands digit of 890838?
0
What is the hundreds digit of 3819691?
6
What is the units digit of 13559055?
5
What is the hundred thousands digit of 689587?
6
What is the hundred thousands digit of 974694?
9
What is the tens digit of 5788?
8
What is the hundreds digit of 2697594?
5
What is the millions digit of 31203338?
1
What is the tens digit of 288663?
6
What is the tens digit of 5399478?
7
What is the ten thousands digit of 289091?
8
What is the thousands digit of 86383?
6
What is the thousands digit of 1807116?
7
What is the hundred thousands digit of 5311205?
3
What is the thousands digit of 246146?
6
What is the thousands digit of 26467981?
7
What is the hundreds digit of 4046091?
0
What is the units digit of 205690?
0
What is the hundred thousands digit of 8207299?
2
What is the thousands digit of 41626244?
6
What is the tens digit of 490956?
5
What is the hundreds digit of 376621?
6
What is the hundred thousands digit of 454341?
4
What is the hundreds digit of 686260?
2
What is the ten thousands digit of 42323?
4
What is the tens digit of 213113?
1
What is the ten thousands digit of 583699?
8
What is the hundred thousands digit of 403690?
4
What is the hundreds digit of 551385?
3
What is the ten thousands digit of 37748674?
4
What is the thousands digit of 335173?
5
What is the thousands digit of 1039102?
9
What is the tens digit of 185171?
7
What is the ten thousands digit of 613654?
1
What is the hundred thousands digit of 891826?
8
What is the tens digit of 279129?
2
What is the hundreds digit of 173279?
2
What is the units digit of 244138?
8
What is the hundreds digit of 290864?
8
What is the hundreds digit of 4586666?
6
What is the hundreds digit of 58807?
8
What is the tens digit of 8213594?
9
What is the thousands digit of 486974?
6
What is the thousands digit of 517949?
7
What is the units digit of 8603722?
2
What is the hundreds digit of 302734?
7
What is the hundreds digit of 11266329?
3
What is the ten thousands digit of 17378186?
7
What is the hundred thousands digit of 6461134?
4
What is the ten millions digit of 13404130?
1
What is the units digit of 153759?
9
What is the ten thousands digit of 2092078?
9
What is the hundred thousands digit of 819244?
8
What is the hundreds digit of 1150283?
2
What is the ten thousands digit of 266360?
6
What is the hundreds digit of 28390?
3
What is the units digit of 12453980?
0
What is the ten thousands digit of 171757?
7
What is the millions digit of 6598338?
6
What is the hundred thousands digit of 2175694?
1
What is the hundred thousands digit of 217777?
2
What is the thousands digit of 1471978?
1
What is the hundreds digit of 8564321?
3
What is the hundred thousands digit of 29818425?
8
What is the hundreds digit of 741813?
8
What is the units digit of 217882?
2
What is the tens digit of 314106?
0
What is the ten thousands digit of 440265?
4
What is the thousands digit of 20068215?
8
What is the ten thousands digit of 133467?
3
What is the tens digit of 1242574?
7
What is the tens digit of 664355?
5
What is the tens digit of 21811223?
2
What is the hundred thousands digit of 495191?
4
What is the tens digit of 5962538?
3
What is the hundreds digit of 4591714?
7
What is the ten thousands digit of 231490?
3
What is the thousands digit of 1368078?
8
What is the hundred thousands digit of 830174?
8
What is the tens digit of 448750?
5
What is the tens digit of 1670572?
7
What is the hundreds digit of 1698597?
5
What is the units digit of 9321512?
2
What is the units digit of 133462?
2
What is the tens digit of 523422?
2
What is the hundred thousands digit of 131701?
1
What is the millions digit of 2196238?
2
What is the units digit of 1593926?
6
What is the hundred thousands digit of 1187684?
1
What is the ten thousands digit of 4029536?
2
What is the units digit of 240112?
2
What is the thousands digit of 3915088?
5
What is the hundred thousands digit of 137293?
1
What is the tens digit of 51412?
1
What is the hundred thousands digit of 1929434?
9
What is the tens digit of 90991?
9
What is the units digit of 407105?
5
What is the tens digit of 656677?
7
What is the units digit of 47011?
1
What is the thousands digit of 468089?
8
What is the ten thousands digit of 259356?
5
What is the millions digit of 1594866?
1
What is the units digit of 1389136?
6
What is the units digit of 812061?
1
What is the units digit of 238742?
2
What is the millions digit of 7646759?
7
What is the millions digit of 5259254?
5
What is the hundreds digit of 846891?
8
What is the ten thousands digit of 4313565?
1
What is the ten millions digit of 24652043?
2
What is the thousands digit of 2245829?
5
What is the hundreds digit of 303947?
9
What is the hundred thousands digit of 8644153?
6
What is the tens digit of 21676?
7
What is the hundred thousands digit of 4689113?
6
What is the tens digit of 1291233?
3
What is the thousands digit of 4260888?
0
What is the thousands digit of 66998?
6
What is the thousands digit of 1147825?
7
What is the thousands digit of 18792060?
2
What is the millions digit of 8726820?
8
What is the hundreds digit of 10989285?
2
What is the hundreds digit of 5892?
8
What is the hundreds digit of 191745?
7
What is the hundred thousands digit of 386467?
3
What is the hundreds digit of 6288425?
4
What is the millions digit of 8966335?
8
What is the hundred thousands digit of 621443?
6
What is the thousands digit of 4034571?
4
What is the hundreds digit of 1799139?
1
What is the millions digit of 9293343?
9
What is the hundreds digit of 2753201?
2
What is the hundred thousa